t of k?
4
Let b be ((18/(-3))/(-3) - 8)/(-2). Suppose -3*a = f - 17, -9 = -a + 2*f - b*f. What is the units digit of a/8*(164 - 2)?
1
Suppose 40*b - 44869 = 49211. What is the hundreds digit of b?
3
What is the hundreds digit of (-852)/1562 - (-10198)/22?
4
Let l(r) = -2*r**3 - 3*r**2 - 12*r - 6. Let f(w) = -4*w - 3. Let u be f(0). What is the tens digit of l(u)?
5
What is the ten thousands digit of (-10)/(-8)*(-1141452)/(-117)*(-3 - -6)?
3
Let c = 107 - 55. Let v = c + -50. Suppose -2*k + g = -454, 2*k = -v*g + 4*g + 454. What is the tens digit of k?
2
Let a(c) = c**3 - 8*c**2 + 17*c + 3. Let o be a(6). Let x = -28 + o. Suppose -3*t + x*t - 280 = 0. What is the units digit of t?
0
Suppose c = -24 + 5. Suppose 207 = -5*a + 567. Let x = a - c. What is the units digit of x?
1
Let i be (-4)/10 + 102/30 - -3. Let y(v) = -i + 14*v + 13*v + 18*v. What is the tens digit of y(3)?
2
Let d(i) = 33*i**2 - 149*i + 139. What is the thousands digit of d(-42)?
4
Suppose 2*f - v + 4*v = -722, 0 = -f - 3*v - 358. Let b be 1/((-16)/f)*8. Let q = -89 + b. What is the tens digit of q?
9
Let m be (-53)/8*2*-4. Let z be (-19)/114 + (-695)/(-30). Let a = m - z. What is the tens digit of a?
3
Suppose -g = 2720 - 2718. What is the tens digit of (-49 - -10)*14/g?
7
Suppose 4*i = 4*x + 35412, 3*x - 4*x + 8859 = i. Suppose 12*j = 4*j + i. What is the thousands digit of j?
1
Let u = -744 - -748. Suppose -3*v + 1063 = -u*x, 5*v = 3*x + 269 + 1521. What is the hundreds digit of v?
3
What is the thousands digit of ((14212/(-6))/(-22))/((-1)/(-699))?
5
Let b = 2308 - -14585. What is the units digit of b?
3
Suppose -309764 = -7*w - 16*w. Suppose 2443 = -15*a + w. What is the hundreds digit of a?
7
Let n(j) = -j**3 - 2*j**2 + 9*j + 6. Let a = -11 - -6. Let z be n(a). Let w = 147 - z. What is the hundreds digit of w?
1
Let u(p) = -4*p - 49. Let w be u(-11). Let c be (-119)/(-2)*(-5 + 118/14). What is the units digit of (5 - (-15)/w) + c?
6
Let q(y) = -2 - 13*y**2 - 5*y + 0 - y**3 + 4 - 7*y. Let g be q(-12). Suppose -2*m + g*f = -46, -4*f + 124 = 2*m + 2*m. What is the tens digit of m?
2
Let v be (1*(-8)/3)/((-24)/16740). Suppose 10*p = 15*p + v. Let w = p - -635. What is the units digit of w?
3
Let j = 28 - -56. Let f(p) = p**2 - 1. Let d be f(-2). Suppose -d*v = -6*v - 3*r + j, -5*r + 84 = 3*v. What is the units digit of v?
8
Let r(u) = -2*u + 8. Let n be r(3). Let c = -143 + 146. Suppose a + 2 = 0, -n*l = c*a - 154 - 398. What is the units digit of l?
9
Let b = 10639 - 5833. What is the units digit of b?
6
Let z(r) be the first derivative of -r**5/20 - r**4/12 + r**3/3 + 22*r**2 - 10*r + 6. Let x(k) be the first derivative of z(k). What is the units digit of x(0)?
4
Let w(j) = j**2 + 8*j + 9. Suppose h + 7 = -0*h - z, h + 7 = 5*z. Let f be w(h). Suppose f*d - 65 = d - 2*q, d = 3*q + 40. What is the units digit of d?
5
Suppose 37 + 89 = 7*r. Suppose 4*f + 2 = r. What is the hundreds digit of ((-3)/1 + f)*193?
1
Suppose -4*t + 624 = -8*t. Let n = -116 - t. What is the hundreds digit of (-100)/n*684/(-10)?
1
Let u be (-5)/((-100)/35) - (-2)/8. Suppose -4*r + 7 = -1, -r = u*s - 328. What is the tens digit of s?
6
Let w(t) = 49*t**3 - 2*t**2 + 0*t - 50*t**3 - t**2 + 28 + 2*t. Let u be w(0). Let v = u + -21. What is the units digit of v?
7
Let w(m) = 5*m**2 - 4*m + 53. Let i be -4*(5 - 10 - 30/(-4)). What is the hundreds digit of w(i)?
5
Let g(r) = -3*r - 8. Let z be g(-5). Let u(m) = 8*m + 21. Let q(p) = 17*p + 42. Let f(l) = z*u(l) - 3*q(l). What is the units digit of f(8)?
1
Suppose 5*q - u - 38314 = 4952, 8657 = q - 4*u. What is the hundreds digit of q?
6
Let z = -26 - -30. Suppose z*s + 6 = 7*s. What is the units digit of 6/s + (-159)/9*-3?
6
What is the units digit of (-7344)/(-24)*(-304)/(-8)?
8
Suppose -3*m - 14*d + 16*d + 27 = 0, -5*m + 29 = 2*d. Suppose -4*h = m*f - 12*f - 6366, -f = 2. What is the tens digit of h?
8
Let t be -5 - -4 - (-3 - 0/(-3)). Suppose 2*l = 7*l - 3*x + 35, -t*l = x + 3. Let u = 25 + l. What is the tens digit of u?
2
Suppose -87*m - 20662 = -87565. What is the tens digit of m?
6
Suppose 6*x + 182 = -1396. Let h = 569 + x. What is the hundreds digit of h?
3
Let i = -12 - -29. Suppose -3*p + 1660 = i*p. What is the tens digit of p?
8
Let p = 152 - -236. Let y = p - 102. What is the tens digit of y?
8
Let c = 6118 + -4858. What is the units digit of c?
0
Suppose 0*v - 6 = 3*f + v, v + 5 = -2*f. What is the units digit of -10*f/2 + -3 + 717?
9
Suppose -2*y - 19 = -91. Suppose -3*w + y = -4*w. What is the units digit of w/(-8)*50/3?
5
Let u = 141 + -138. Suppose -222 - 591 = -u*l. What is the units digit of l?
1
Let l(w) = 48*w - 1. Let d be l(1). Suppose 9 = 3*q, 0*q + 108 = 3*y + 3*q. Let h = d - y. What is the tens digit of h?
1
Let l = -123 - -133. Let k(c) = 1 + 6*c**2 - 7*c + 9 + l - 22 + 28*c**3. What is the hundreds digit of k(2)?
2
Let i = -463 + 245. Let s = i - -721. What is the hundreds digit of s?
5
Let r(c) = 25*c**2 + 7*c - 19. Let t(b) = -13*b**2 - 4*b + 9. Let i(s) = 3*r(s) + 5*t(s). Let w = -28 + 33. What is the hundreds digit of i(w)?
2
What is the thousands digit of (20/(-8))/(36/(-551736))?
8
Let s = -1318 + 2305. Suppose m + 601 = s. What is the units digit of m?
6
Suppose -11096 = -2*q + 43*f - 48*f, -3*q = -4*f - 16621. What is the thousands digit of q?
5
Let z(w) be the second derivative of -w**4/12 + 2*w**3/3 - w**2 - 5*w. Let h be z(3). What is the tens digit of (0 + h)/(3*(-1)/(-102))?
3
Let n be 2/((-14)/(-497)) - 5. Let u = 105 + n. What is the tens digit of u?
7
Let h = 40288 + -18873. What is the thousands digit of h?
1
Let y = 451 + -153. Let d = -259 + y. What is the units digit of d?
9
Suppose 0*j - 189 = -3*d - 4*j, 338 = 5*d - j. Suppose 80*q - 18680 - 13560 = 0. Suppose -5*a + 2*k = -461, 5*a = 5*k + d + q. What is the tens digit of a?
9
What is the thousands digit of (-181584)/24*(1 - 33/9)?
0
Suppose 0 = 31*j - 26*j - 435. Let q = j + -88. Let o(m) = -104*m**3 + m**2 - 4*m - 5. What is the hundreds digit of o(q)?
1
Suppose -6*k + 310 = 1546. Let f = -148 - k. What is the units digit of f?
8
Let i(p) = -611*p + 1346. What is the thousands digit of i(-6)?
5
Let q be ((-22149)/(-63) - -3) + 4/(-7). Let m = 41 + q. What is the hundreds digit of m?
3
Suppose 51881 = -11*r + 87325 + 83257. What is the thousands digit of r?
0
Let x(r) = -3*r**2 + 29*r + 4. Suppose -5*k - 10 = -6*k. Let t be x(k). What is the tens digit of t/(-15) + (-6)/15 + 123?
2
Suppose -2125*m + 2076*m + 1288014 = 0. What is the ten thousands digit of m?
2
Let h = -51 - -25. Let m = -27 - h. Let b(x) = 76*x**2 + 2*x + 2. What is the tens digit of b(m)?
7
Let a = 9 - -28. Suppose 9*n + a = 100. Suppose -n*s + 80 = -53. What is the units digit of s?
9
What is the units digit of ((-25)/(-15))/(5/24837)?
9
What is the thousands digit of 24680/3*(-10 - (-672)/60)?
9
Let d(q) = -q + 51. Let f(i) = -i + 40. Let p be f(17). Let y be d(p). Suppose 32*m = y*m + 260. What is the units digit of m?
5
Let a(d) = -2611*d + 33. What is the ten thousands digit of a(-5)?
1
What is the hundreds digit of 2707709/101 - 14*-1?
8
Suppose 17*k + 14*k = -8*k + 268905. What is the hundreds digit of k?
8
Let b(q) = q**3 - 69*q**2 - 168*q + 237. What is the units digit of b(72)?
3
Let l be ((-72)/45)/(2/(-5)). Let r(i) = -i**3 + 7*i**2 + 2*i - 6. Let g be r(l). Suppose -3*t - c = -201, -160 - g = -3*t + 2*c. What is the tens digit of t?
6
Let l(z) = 425*z**2 - 116*z + 1190. What is the tens digit of l(10)?
3
Let d(x) = -2200*x - 483. What is the ten thousands digit of d(-12)?
2
Suppose 8*u - 3*u + 4*q = 22, 9 = 3*u + q. Suppose 0 = u*i + r - 795, -3*r + 1225 = 3*i - 8*r. What is the tens digit of i?
0
Let m = 44 + -23. Let f be (3 + -11)*-3*(-8)/12. Let v = m - f. What is the tens digit of v?
3
Let p(s) = s**3 - 11*s**2 + 12*s - 2. Suppose -v - 240 = -9*v. Suppose 8*a + v = 11*a. What is the units digit of p(a)?
8
Suppose -26*o + 21*o + 7320 = 3*v, -v + 5*o = -2460. What is the hundreds digit of v?
4
Suppose 923 = -r + 12833 + 3465. What is the ten thousands digit of r?
1
Let s(h) = 265*h**2 - 323*h - 40. What is the thousands digit of s(-9)?
4
Let p(i) = -i**2 - 20*i - 51. Let o be p(-18). What is the units digit of (-774)/o + 17/5 + -3?
2
Let x be (2 - 1)/(-3 + (-64)/(-20)